{"id":4504,"date":"2013-04-18T07:00:41","date_gmt":"2013-04-18T07:00:41","guid":{"rendered":"http:\/\/www.alpine-comfort.ch\/your-stay\/family\/"},"modified":"2017-06-05T14:16:31","modified_gmt":"2017-06-05T14:16:31","slug":"chalet-vacances-en-famille","status":"publish","type":"page","link":"https:\/\/alpine-comfort.com\/fr\/votre-sejour\/chalet-vacances-en-famille\/","title":{"rendered":"Famille"},"content":{"rendered":"<div class=\"fusion-fullwidth fullwidth-box fusion-builder-row-1 hundred-percent-fullwidth non-hundred-percent-height-scrolling\" style=\"--awb-border-radius-top-left:0px;--awb-border-radius-top-right:0px;--awb-border-radius-bottom-right:0px;--awb-border-radius-bottom-left:0px;--awb-overflow:visible;--awb-flex-wrap:wrap;\" ><div class=\"fusion-builder-row fusion-row\"><div class=\"fusion-layout-column fusion_builder_column fusion-builder-column-0 fusion_builder_column_1_1 1_1 fusion-one-full fusion-column-first fusion-column-last fusion-column-no-min-height\" style=\"--awb-bg-size:cover;--awb-margin-bottom:0px;\"><div class=\"fusion-column-wrapper fusion-flex-column-wrapper-legacy\"><div class=\"fusion-title title fusion-title-1 fusion-title-text fusion-title-size-two\" style=\"--awb-margin-top-small:10px;--awb-margin-right-small:0px;--awb-margin-bottom-small:10px;--awb-margin-left-small:0px;\"><h2 class=\"fusion-title-heading title-heading-left\" style=\"margin:0;\">Chalet vacances en famille<\/h2><span class=\"awb-title-spacer\"><\/span><div class=\"title-sep-container\"><div class=\"title-sep sep-double sep-solid\" style=\"border-color:var(--awb-color3);\"><\/div><\/div><\/div>\n<p>Des chalet vacances en famille, voil\u00e0 la parfaite fa\u00e7on de passer du bon temps et d&rsquo;en profiter au maximum. Les enfants de tous \u00e2ges sont bienvenus chez Alpine Comfort : le Chalet Cygnet est l&rsquo;id\u00e9al pour eux car il leur permet d&rsquo;acc\u00e9der aux aires communales et \u00e0 des \u00e9quipements dont les h\u00f4tels ne disposent pas.<\/p>\n<div class=\"fusion-clearfix\"><\/div><\/div><\/div><div class=\"fusion-layout-column fusion_builder_column fusion-builder-column-1 fusion_builder_column_1_1 1_1 fusion-one-full fusion-column-first fusion-column-last fusion-column-no-min-height\" style=\"--awb-bg-size:cover;--awb-margin-bottom:0px;\"><div class=\"fusion-column-wrapper fusion-flex-column-wrapper-legacy\"><ul style=\"--awb-line-height:27.2px;--awb-icon-width:27.2px;--awb-icon-height:27.2px;--awb-icon-margin:11.2px;--awb-content-margin:38.4px;--awb-circlecolor:#a0ce4e;--awb-circle-yes-font-size:14.08px;\" class=\"fusion-checklist fusion-checklist-1 fusion-checklist-default type-icons\">\n\n<li class=\"fusion-li-item\" style=\"\"><span class=\"icon-wrapper circle-yes\"><i class=\"fusion-li-icon awb-icon-check\" aria-hidden=\"true\"><\/i><\/span><div class=\"fusion-li-item-content\"><strong>Les r\u00e9ductions pour familles&#8230;<\/strong>\u00a0sont indiqu\u00e9es \u00e0 la page Tarifs et Renseignements. Une r\u00e9duction importante sur les forfaits Remont\u00e9es m\u00e9caniques permet d&rsquo;appr\u00e9cier davantage encore ses vacances. Il suffit d&rsquo;au moins trois personnes, dont l&rsquo;un des parents, pour compter comme une famille et b\u00e9n\u00e9ficier jusqu&rsquo;\u00e0 15% de r\u00e9duction sur les diff\u00e9rents forfaits Remont\u00e9es m\u00e9caniques. Veuillez noter que cette disposition est \u00e0 tout moment sujette \u00e0 modification.<\/div><\/li>\n<li class=\"fusion-li-item\" style=\"\"><span class=\"icon-wrapper circle-yes\"><i class=\"fusion-li-icon awb-icon-check\" aria-hidden=\"true\"><\/i><\/span><div class=\"fusion-li-item-content\"><strong>La garderie pour enfants&#8230;<\/strong>\u00a0au Chalet Cygnet peut \u00eatre pr\u00e9vue \u00e0 votre demande. Nous veillons \u00e0 ce que vos escapades \u00e0 la montagne soient sans inqui\u00e9tude et en toute s\u00e9curit\u00e9: vous serez rassur\u00e9s de savoir que vos enfants s&rsquo;amusent et que l&rsquo;on veille sur eux dans un cadre s\u00fbr et plein de gait\u00e9 qu&rsquo;ils consid\u00e8reront bient\u00f4t comme une seconde maison..<\/div><\/li>\n<li class=\"fusion-li-item\" style=\"\"><span class=\"icon-wrapper circle-yes\"><i class=\"fusion-li-icon awb-icon-check\" aria-hidden=\"true\"><\/i><\/span><div class=\"fusion-li-item-content\"><strong>Les repas pour enfants&#8230;<\/strong>\u00a0sont servis aux alentours de 18h. Si vous r\u00e9servez la totalit\u00e9 du chalet et que vous pr\u00e9f\u00e9rez que vos enfants d\u00eenent plus tard avec vous et avec vos menus, veuillez nous en faire part lors de la r\u00e9servation, ainsi que de toute exigence alimentaire que votre enfant peut avoir. Des pr\u00e9cisions sur les menus du soir vous seront communiqu\u00e9es apr\u00e8s la r\u00e9servation. Vous pourrez en outre les modifier avec vos enfants de fa\u00e7on qu&rsquo;eux aussi puissent se d\u00e9lecter d&rsquo;un festin durant leurs vacances!<\/div><\/li>\n<li class=\"fusion-li-item\" style=\"\"><span class=\"icon-wrapper circle-yes\"><i class=\"fusion-li-icon awb-icon-check\" aria-hidden=\"true\"><\/i><\/span><div class=\"fusion-li-item-content\"><strong>Les \u00e9quipements pour enfants&#8230;<\/strong>\u00a0sont tous pr\u00eats \u00e0 l&#8217;emploi. Toutes les petites affaires qui rendent vos enfants heureux et qui facilitent le voyage, par exemple (et pour n&rsquo;en citer que quelques-uns): lit b\u00e9b\u00e9, chaises hautes, jouets, jeux et DVD pour enfants.<\/div><\/li>\n<li class=\"fusion-li-item\" style=\"\"><span class=\"icon-wrapper circle-yes\"><i class=\"fusion-li-icon awb-icon-check\" aria-hidden=\"true\"><\/i><\/span><div class=\"fusion-li-item-content\"><strong>Les achats avant l&rsquo;arriv\u00e9e&#8230;<\/strong>\u00a0peuvent \u00eatre organis\u00e9s pour faciliter davantage votre voyage, que ce soient les couches ou les lingettes pour b\u00e9b\u00e9, ou encore ses petits pots favoris. Ces \u00e9l\u00e9ments seront simplement ajout\u00e9s \u00e0 prix co\u00fbtant sur votre facture \u00e0 la fin de votre s\u00e9jour. Un d\u00e9lai d&rsquo;au moins deux semaines est n\u00e9cessaire pour b\u00e9n\u00e9ficier de ce service.<\/div><\/li>\n<li class=\"fusion-li-item\" style=\"\"><span class=\"icon-wrapper circle-yes\"><i class=\"fusion-li-icon awb-icon-check\" aria-hidden=\"true\"><\/i><\/span><div class=\"fusion-li-item-content\"><strong>Les r\u00e9servations d&rsquo;une partie du chalet&#8230;\u00a0<\/strong>avec des enfants \u00e2g\u00e9s de 0 \u00e0 7 ans ne peuvent \u00eatre accept\u00e9es qu\u2019avec notre accord. Les enfants de moins de 12 ans doivent prendre leur repas \u00e0 18h. Nous vous remercions de votre compr\u00e9hension.<\/div><\/li>\n\n<\/ul><div class=\"fusion-clearfix\"><\/div><\/div><\/div><\/div><\/div>\n","protected":false},"excerpt":{"rendered":"","protected":false},"author":1,"featured_media":0,"parent":4285,"menu_order":33,"comment_status":"open","ping_status":"open","template":"side-navigation.php","meta":{"footnotes":""},"class_list":["post-4504","page","type-page","status-publish","hentry"],"yoast_head":"<!-- This site is optimized with the Yoast SEO plugin v27.3 - https:\/\/yoast.com\/product\/yoast-seo-wordpress\/ -->\n<title>Chalet vacances en famille, Suisse, accueillant pour les enfants<\/title>\n<meta name=\"description\" content=\"Des chalets de luxe pour des vacances tr\u00e8s famillial, voil\u00e0 la parfaite fa\u00e7on de passer du bon temps et d&#039;en profiter au maximum de votre famille.\" \/>\n<meta name=\"robots\" content=\"index, follow, max-snippet:-1, max-image-preview:large, max-video-preview:-1\" \/>\n<link rel=\"canonical\" href=\"https:\/\/alpine-comfort.com\/fr\/votre-sejour\/chalet-vacances-en-famille\/\" \/>\n<meta property=\"og:locale\" content=\"fr_FR\" \/>\n<meta property=\"og:type\" content=\"article\" \/>\n<meta property=\"og:title\" content=\"Chalet vacances en famille, Suisse, accueillant pour les enfants\" \/>\n<meta property=\"og:description\" content=\"Des chalets de luxe pour des vacances tr\u00e8s famillial, voil\u00e0 la parfaite fa\u00e7on de passer du bon temps et d&#039;en profiter au maximum de votre famille.\" \/>\n<meta property=\"og:url\" content=\"https:\/\/alpine-comfort.com\/fr\/votre-sejour\/chalet-vacances-en-famille\/\" \/>\n<meta property=\"og:site_name\" content=\"Alpine Comfort\" \/>\n<meta property=\"article:modified_time\" content=\"2017-06-05T14:16:31+00:00\" \/>\n<meta name=\"twitter:label1\" content=\"Dur\u00e9e de lecture estim\u00e9e\" \/>\n\t<meta name=\"twitter:data1\" content=\"3 minutes\" \/>\n<script type=\"application\/ld+json\" class=\"yoast-schema-graph\">{\"@context\":\"https:\\\/\\\/schema.org\",\"@graph\":[{\"@type\":\"WebPage\",\"@id\":\"https:\\\/\\\/alpine-comfort.com\\\/fr\\\/votre-sejour\\\/chalet-vacances-en-famille\\\/\",\"url\":\"https:\\\/\\\/alpine-comfort.com\\\/fr\\\/votre-sejour\\\/chalet-vacances-en-famille\\\/\",\"name\":\"Chalet vacances en famille, Suisse, accueillant pour les enfants\",\"isPartOf\":{\"@id\":\"https:\\\/\\\/alpine-comfort.com\\\/#website\"},\"datePublished\":\"2013-04-18T07:00:41+00:00\",\"dateModified\":\"2017-06-05T14:16:31+00:00\",\"description\":\"Des chalets de luxe pour des vacances tr\u00e8s famillial, voil\u00e0 la parfaite fa\u00e7on de passer du bon temps et d'en profiter au maximum de votre famille.\",\"breadcrumb\":{\"@id\":\"https:\\\/\\\/alpine-comfort.com\\\/fr\\\/votre-sejour\\\/chalet-vacances-en-famille\\\/#breadcrumb\"},\"inLanguage\":\"fr-FR\",\"potentialAction\":[{\"@type\":\"ReadAction\",\"target\":[\"https:\\\/\\\/alpine-comfort.com\\\/fr\\\/votre-sejour\\\/chalet-vacances-en-famille\\\/\"]}]},{\"@type\":\"BreadcrumbList\",\"@id\":\"https:\\\/\\\/alpine-comfort.com\\\/fr\\\/votre-sejour\\\/chalet-vacances-en-famille\\\/#breadcrumb\",\"itemListElement\":[{\"@type\":\"ListItem\",\"position\":1,\"name\":\"Votre S\u00e9jour\",\"item\":\"https:\\\/\\\/alpine-comfort.com\\\/fr\\\/\"},{\"@type\":\"ListItem\",\"position\":2,\"name\":\"Famille\"}]},{\"@type\":\"WebSite\",\"@id\":\"https:\\\/\\\/alpine-comfort.com\\\/#website\",\"url\":\"https:\\\/\\\/alpine-comfort.com\\\/\",\"name\":\"Alpine Comfort\",\"description\":\"Pure Luxury Mountain Accommodation\",\"potentialAction\":[{\"@type\":\"SearchAction\",\"target\":{\"@type\":\"EntryPoint\",\"urlTemplate\":\"https:\\\/\\\/alpine-comfort.com\\\/?s={search_term_string}\"},\"query-input\":{\"@type\":\"PropertyValueSpecification\",\"valueRequired\":true,\"valueName\":\"search_term_string\"}}],\"inLanguage\":\"fr-FR\"}]}<\/script>\n<!-- \/ Yoast SEO plugin. -->","yoast_head_json":{"title":"Chalet vacances en famille, Suisse, accueillant pour les enfants","description":"Des chalets de luxe pour des vacances tr\u00e8s famillial, voil\u00e0 la parfaite fa\u00e7on de passer du bon temps et d'en profiter au maximum de votre famille.","robots":{"index":"index","follow":"follow","max-snippet":"max-snippet:-1","max-image-preview":"max-image-preview:large","max-video-preview":"max-video-preview:-1"},"canonical":"https:\/\/alpine-comfort.com\/fr\/votre-sejour\/chalet-vacances-en-famille\/","og_locale":"fr_FR","og_type":"article","og_title":"Chalet vacances en famille, Suisse, accueillant pour les enfants","og_description":"Des chalets de luxe pour des vacances tr\u00e8s famillial, voil\u00e0 la parfaite fa\u00e7on de passer du bon temps et d'en profiter au maximum de votre famille.","og_url":"https:\/\/alpine-comfort.com\/fr\/votre-sejour\/chalet-vacances-en-famille\/","og_site_name":"Alpine Comfort","article_modified_time":"2017-06-05T14:16:31+00:00","twitter_misc":{"Dur\u00e9e de lecture estim\u00e9e":"3 minutes"},"schema":{"@context":"https:\/\/schema.org","@graph":[{"@type":"WebPage","@id":"https:\/\/alpine-comfort.com\/fr\/votre-sejour\/chalet-vacances-en-famille\/","url":"https:\/\/alpine-comfort.com\/fr\/votre-sejour\/chalet-vacances-en-famille\/","name":"Chalet vacances en famille, Suisse, accueillant pour les enfants","isPartOf":{"@id":"https:\/\/alpine-comfort.com\/#website"},"datePublished":"2013-04-18T07:00:41+00:00","dateModified":"2017-06-05T14:16:31+00:00","description":"Des chalets de luxe pour des vacances tr\u00e8s famillial, voil\u00e0 la parfaite fa\u00e7on de passer du bon temps et d'en profiter au maximum de votre famille.","breadcrumb":{"@id":"https:\/\/alpine-comfort.com\/fr\/votre-sejour\/chalet-vacances-en-famille\/#breadcrumb"},"inLanguage":"fr-FR","potentialAction":[{"@type":"ReadAction","target":["https:\/\/alpine-comfort.com\/fr\/votre-sejour\/chalet-vacances-en-famille\/"]}]},{"@type":"BreadcrumbList","@id":"https:\/\/alpine-comfort.com\/fr\/votre-sejour\/chalet-vacances-en-famille\/#breadcrumb","itemListElement":[{"@type":"ListItem","position":1,"name":"Votre S\u00e9jour","item":"https:\/\/alpine-comfort.com\/fr\/"},{"@type":"ListItem","position":2,"name":"Famille"}]},{"@type":"WebSite","@id":"https:\/\/alpine-comfort.com\/#website","url":"https:\/\/alpine-comfort.com\/","name":"Alpine Comfort","description":"Pure Luxury Mountain Accommodation","potentialAction":[{"@type":"SearchAction","target":{"@type":"EntryPoint","urlTemplate":"https:\/\/alpine-comfort.com\/?s={search_term_string}"},"query-input":{"@type":"PropertyValueSpecification","valueRequired":true,"valueName":"search_term_string"}}],"inLanguage":"fr-FR"}]}},"_links":{"self":[{"href":"https:\/\/alpine-comfort.com\/fr\/wp-json\/wp\/v2\/pages\/4504","targetHints":{"allow":["GET"]}}],"collection":[{"href":"https:\/\/alpine-comfort.com\/fr\/wp-json\/wp\/v2\/pages"}],"about":[{"href":"https:\/\/alpine-comfort.com\/fr\/wp-json\/wp\/v2\/types\/page"}],"author":[{"embeddable":true,"href":"https:\/\/alpine-comfort.com\/fr\/wp-json\/wp\/v2\/users\/1"}],"replies":[{"embeddable":true,"href":"https:\/\/alpine-comfort.com\/fr\/wp-json\/wp\/v2\/comments?post=4504"}],"version-history":[{"count":6,"href":"https:\/\/alpine-comfort.com\/fr\/wp-json\/wp\/v2\/pages\/4504\/revisions"}],"predecessor-version":[{"id":11761,"href":"https:\/\/alpine-comfort.com\/fr\/wp-json\/wp\/v2\/pages\/4504\/revisions\/11761"}],"up":[{"embeddable":true,"href":"https:\/\/alpine-comfort.com\/fr\/wp-json\/wp\/v2\/pages\/4285"}],"wp:attachment":[{"href":"https:\/\/alpine-comfort.com\/fr\/wp-json\/wp\/v2\/media?parent=4504"}],"curies":[{"name":"wp","href":"https:\/\/api.w.org\/{rel}","templated":true}]}}

<div class="fusion-fullwidth fullwidth-box fusion-builder-row-1 hundred-percent-fullwidth non-hundred-percent-height-scrolling" style="--awb-border-radius-top-left:0px;--awb-border-radius-top-right:0px;--awb-border-radius-bottom-right:0px;--awb-border-radius-bottom-left:0px;--awb-overflow:visible;--awb-flex-wrap:wrap;" ><div class="fusion-builder-row fusion-row"><div class="fusion-layout-column fusion_builder_column fusion-builder-column-0 fusion_builder_column_1_1 1_1 fusion-one-full fusion-column-first fusion-column-last fusion-column-no-min-height" style="--awb-bg-size:cover;--awb-margin-bottom:0px;"><div class="fusion-column-wrapper fusion-flex-column-wrapper-legacy"><div class="fusion-title title fusion-title-1 fusion-title-text fusion-title-size-two" style="--awb-margin-top-small:10px;--awb-margin-right-small:0px;--awb-margin-bottom-small:10px;--awb-margin-left-small:0px;"><h2 class="fusion-title-heading title-heading-left" style="margin:0;">Chalet vacances en famille</h2><span class="awb-title-spacer"></span><div class="title-sep-container"><div class="title-sep sep-double sep-solid" style="border-color:var(--awb-color3);"></div></div></div>
<p>Des chalet vacances en famille, voilà la parfaite façon de passer du bon temps et d&rsquo;en profiter au maximum. Les enfants de tous âges sont bienvenus chez Alpine Comfort : le Chalet Cygnet est l&rsquo;idéal pour eux car il leur permet d&rsquo;accéder aux aires communales et à des équipements dont les hôtels ne disposent pas.</p>
<div class="fusion-clearfix"></div></div></div><div class="fusion-layout-column fusion_builder_column fusion-builder-column-1 fusion_builder_column_1_1 1_1 fusion-one-full fusion-column-first fusion-column-last fusion-column-no-min-height" style="--awb-bg-size:cover;--awb-margin-bottom:0px;"><div class="fusion-column-wrapper fusion-flex-column-wrapper-legacy"><ul style="--awb-line-height:27.2px;--awb-icon-width:27.2px;--awb-icon-height:27.2px;--awb-icon-margin:11.2px;--awb-content-margin:38.4px;--awb-circlecolor:#a0ce4e;--awb-circle-yes-font-size:14.08px;" class="fusion-checklist fusion-checklist-1 fusion-checklist-default type-icons">

<li class="fusion-li-item" style=""><span class="icon-wrapper circle-yes"><i class="fusion-li-icon awb-icon-check" aria-hidden="true"></i></span><div class="fusion-li-item-content"><strong>Les réductions pour familles&#8230;</strong> sont indiquées à la page Tarifs et Renseignements. Une réduction importante sur les forfaits Remontées mécaniques permet d&rsquo;apprécier davantage encore ses vacances. Il suffit d&rsquo;au moins trois personnes, dont l&rsquo;un des parents, pour compter comme une famille et bénéficier jusqu&rsquo;à 15% de réduction sur les différents forfaits Remontées mécaniques. Veuillez noter que cette disposition est à tout moment sujette à modification.</div></li>
<li class="fusion-li-item" style=""><span class="icon-wrapper circle-yes"><i class="fusion-li-icon awb-icon-check" aria-hidden="true"></i></span><div class="fusion-li-item-content"><strong>La garderie pour enfants&#8230;</strong> au Chalet Cygnet peut être prévue à votre demande. Nous veillons à ce que vos escapades à la montagne soient sans inquiétude et en toute sécurité: vous serez rassurés de savoir que vos enfants s&rsquo;amusent et que l&rsquo;on veille sur eux dans un cadre sûr et plein de gaité qu&rsquo;ils considèreront bientôt comme une seconde maison..</div></li>
<li class="fusion-li-item" style=""><span class="icon-wrapper circle-yes"><i class="fusion-li-icon awb-icon-check" aria-hidden="true"></i></span><div class="fusion-li-item-content"><strong>Les repas pour enfants&#8230;</strong> sont servis aux alentours de 18h. Si vous réservez la totalité du chalet et que vous préférez que vos enfants dînent plus tard avec vous et avec vos menus, veuillez nous en faire part lors de la réservation, ainsi que de toute exigence alimentaire que votre enfant peut avoir. Des précisions sur les menus du soir vous seront communiquées après la réservation. Vous pourrez en outre les modifier avec vos enfants de façon qu&rsquo;eux aussi puissent se délecter d&rsquo;un festin durant leurs vacances!</div></li>
<li class="fusion-li-item" style=""><span class="icon-wrapper circle-yes"><i class="fusion-li-icon awb-icon-check" aria-hidden="true"></i></span><div class="fusion-li-item-content"><strong>Les équipements pour enfants&#8230;</strong> sont tous prêts à l&#8217;emploi. Toutes les petites affaires qui rendent vos enfants heureux et qui facilitent le voyage, par exemple (et pour n&rsquo;en citer que quelques-uns): lit bébé, chaises hautes, jouets, jeux et DVD pour enfants.</div></li>
<li class="fusion-li-item" style=""><span class="icon-wrapper circle-yes"><i class="fusion-li-icon awb-icon-check" aria-hidden="true"></i></span><div class="fusion-li-item-content"><strong>Les achats avant l&rsquo;arrivée&#8230;</strong> peuvent être organisés pour faciliter davantage votre voyage, que ce soient les couches ou les lingettes pour bébé, ou encore ses petits pots favoris. Ces éléments seront simplement ajoutés à prix coûtant sur votre facture à la fin de votre séjour. Un délai d&rsquo;au moins deux semaines est nécessaire pour bénéficier de ce service.</div></li>
<li class="fusion-li-item" style=""><span class="icon-wrapper circle-yes"><i class="fusion-li-icon awb-icon-check" aria-hidden="true"></i></span><div class="fusion-li-item-content"><strong>Les réservations d&rsquo;une partie du chalet&#8230; </strong>avec des enfants âgés de 0 à 7 ans ne peuvent être acceptées qu’avec notre accord. Les enfants de moins de 12 ans doivent prendre leur repas à 18h. Nous vous remercions de votre compréhension.</div></li>

</ul><div class="fusion-clearfix"></div></div></div></div></div>

<!-- This site is optimized with the Yoast SEO plugin v27.3 - https://yoast.com/product/yoast-seo-wordpress/ -->
<title>Chalet vacances en famille, Suisse, accueillant pour les enfants</title>
<meta name="description" content="Des chalets de luxe pour des vacances très famillial, voilà la parfaite façon de passer du bon temps et d&#039;en profiter au maximum de votre famille." />
<meta name="robots" content="index, follow, max-snippet:-1, max-image-preview:large, max-video-preview:-1" />
<link rel="canonical" href="https://alpine-comfort.com/fr/votre-sejour/chalet-vacances-en-famille/" />
<meta property="og:locale" content="fr_FR" />
<meta property="og:type" content="article" />
<meta property="og:title" content="Chalet vacances en famille, Suisse, accueillant pour les enfants" />
<meta property="og:description" content="Des chalets de luxe pour des vacances très famillial, voilà la parfaite façon de passer du bon temps et d&#039;en profiter au maximum de votre famille." />
<meta property="og:url" content="https://alpine-comfort.com/fr/votre-sejour/chalet-vacances-en-famille/" />
<meta property="og:site_name" content="Alpine Comfort" />
<meta property="article:modified_time" content="2017-06-05T14:16:31+00:00" />
<meta name="twitter:label1" content="Durée de lecture estimée" />
	<meta name="twitter:data1" content="3 minutes" />
<script type="application/ld+json" class="yoast-schema-graph">{"@context":"https:\/\/schema.org","@graph":[{"@type":"WebPage","@id":"https:\/\/alpine-comfort.com\/fr\/votre-sejour\/chalet-vacances-en-famille\/","url":"https:\/\/alpine-comfort.com\/fr\/votre-sejour\/chalet-vacances-en-famille\/","name":"Chalet vacances en famille, Suisse, accueillant pour les enfants","isPartOf":{"@id":"https:\/\/alpine-comfort.com\/#website"},"datePublished":"2013-04-18T07:00:41+00:00","dateModified":"2017-06-05T14:16:31+00:00","description":"Des chalets de luxe pour des vacances très famillial, voilà la parfaite façon de passer du bon temps et d'en profiter au maximum de votre famille.","breadcrumb":{"@id":"https:\/\/alpine-comfort.com\/fr\/votre-sejour\/chalet-vacances-en-famille\/#breadcrumb"},"inLanguage":"fr-FR","potentialAction":[{"@type":"ReadAction","target":["https:\/\/alpine-comfort.com\/fr\/votre-sejour\/chalet-vacances-en-famille\/"]}]},{"@type":"BreadcrumbList","@id":"https:\/\/alpine-comfort.com\/fr\/votre-sejour\/chalet-vacances-en-famille\/#breadcrumb","itemListElement":[{"@type":"ListItem","position":1,"name":"Votre Séjour","item":"https:\/\/alpine-comfort.com\/fr\/"},{"@type":"ListItem","position":2,"name":"Famille"}]},{"@type":"WebSite","@id":"https:\/\/alpine-comfort.com\/#website","url":"https:\/\/alpine-comfort.com\/","name":"Alpine Comfort","description":"Pure Luxury Mountain Accommodation","potentialAction":[{"@type":"SearchAction","target":{"@type":"EntryPoint","urlTemplate":"https:\/\/alpine-comfort.com\/?s={search_term_string}"},"query-input":{"@type":"PropertyValueSpecification","valueRequired":true,"valueName":"search_term_string"}}],"inLanguage":"fr-FR"}]}</script>
<!-- / Yoast SEO plugin. -->

Des chalets de luxe pour des vacances très famillial, voilà la parfaite façon de passer du bon temps et d'en profiter au maximum de votre famille.

Votre Séjour
